34
-5 (base 9) to base 16
-5
What is -85 (base 10) in base 13?
-67
What is 6 (base 8) in base 4?
12
What is -174 (base 8) in base 10?
-124
What is -17 (base 16) in base 7?
-32
What is 1303 (base 4) in base 13?
8b
What is 1152 (base 6) in base 9?
345
What is -50 (base 10) in base 16?
-32
Convert 11 (base 7) to base 2.
1000
Convert 0 (base 9) to base 2.
0
Convert 1 (base 3) to base 16.
1
1 (base 8) to base 6
1
-1 (base 15) to base 12
-1
What is 6 (base 15) in base 7?
6
1 (base 14) to base 16
1
-41 (base 8) to base 7
-45
-2 (base 16) to base 14
-2
Convert b (base 16) to base 5.
21
What is -28 (base 16) in base 5?
-130
Convert 155 (base 6) to base 3.
2122
32 (base 5) to base 9
18
Convert 2132 (base 5) to base 15.
147
What is 13 (base 12) in base 13?
12
Convert -11 (base 12) to base 3.
-111
217 (base 8) to base 3
12022
143 (base 5) to base 11
44
Convert -117 (base 10) to base 2.
-1110101
Convert 185 (base 11) to base 16.
d6
3 (base 15) to base 4
3
13 (base 7) to base 2
1010
What is 33 (base 10) in base 12?
29
-99 (base 12) to base 7
-225
6 (base 11) to base 6
10
What is 10f (base 16) in base 10?
271
What is 0 (base 4) in base 6?
0
a (base 13) to base 7
13
What is -3 (base 11) in base 13?
-3
Convert -4a (base 12) to base 7.
-112
-14 (base 6) to base 4
-22
Convert 0 (base 6) to base 5.
0
Convert -60 (base 11) to base 7.
-123
Convert 0 (base 10) to base 9.
0
Convert -1b7 (base 14) to base 4.
-11211
1210 (base 5) to base 8
264
Convert 247 (base 9) to base 5.
1310
1053 (base 6) to base 10
249
0 (base 10) to base 14
0
Convert a (base 13) to base 15.
a
Convert 0 (base 10) to base 11.
0
17 (base 14) to base 5
41
-10 (base 7) to base 3
-21
Convert 140 (base 10) to base 7.
260
What is 3 (base 4) in base 13?
3
26 (base 7) to base 11
19
Convert -4 (base 13) to base 10.
-4
-111 (base 2) to base 9
-7
c (base 14) to base 7
15
-2132 (base 4) to base 2
-10011110
Convert -320 (base 4) to base 11.
-51
-5 (base 6) to base 4
-11
What is -1 (base 14) in base 16?
-1
Convert 30 (base 8) to base 2.
11000
110 (base 3) to base 12
10
-3 (base 10) to base 3
-10
Convert 13 (base 4) to base 12.
7
Convert 22 (base 12) to base 8.
32
-4 (base 11) to base 14
-4
-41 (base 6) to base 8
-31
What is 213 (base 4) in base 14?
2b
Convert -21 (base 5) to base 14.
-b
What is -61 (base 7) in base 6?
-111
Convert -30 (base 4) to base 2.
-1100
What is -7 (base 15) in base 14?
-7
3 (base 10) to base 15
3
What is 2 (base 9) in base 3?
2
What is -21 (base 8) in base 3?
-122
Convert -14 (base 6) to base 16.
-a
Convert -40 (base 14) to base 11.
-51
What is -47 (base 13) in base 12?
-4b
What is -134 (base 6) in base 10?
-58
-28 (base 10) to base 12
-24
5d (base 15) to base 10
88
Convert 26 (base 14) to base 2.
100010
What is 0 (base 7) in base 5?
0
-144 (base 6) to base 11
-59
What is 1063 (base 7) in base 14?
1da
155 (base 6) to base 9
78
What is 0 (base 2) in base 12?
0
21 (base 10) to base 7
30
What is 3 (base 12) in base 7?
3
What is -101011 (base 2) in base 10?
-43
-61 (base 12) to base 4
-1021
What is 24 (base 7) in base 6?
30
What is -6 (base 7) in base 16?
-6
Convert 2013 (base 4) to base 10.
135
Convert 4 (base 13) to base 10.
4
-51 (base 6) to base 14
-23
What is -100 (base 4) in base 12?
-14
-5 (base 14) to base 15
-5
Convert -1120 (base 3) to base 11.
-39
What is 2 (base 8) in base 7?
2
What is 1 (base 13) in base 10?
1
What is -53 (base 14) in base 8?
-111
312 (base 4) to base 12
46
What is 3 (base 4) in base 6?
3
What is 4 (base 12) in base 11?
4
Convert -231 (base 4) to base 7.
-63
Convert -2 (base 15) to base 6.
-2
What is 18 (base 15) in base 14?
19
Convert 23 (base 9) to base 12.
19
Convert 4f (base 16) to base 2.
1001111
Convert -3 (base 5) to base 7.
-3
0 (base 9) to base 10
0
Convert 11 (base 10) to base 12.
b
-7 (base 8) to base 6
-11
Convert -32 (base 5) to base 9.
-18
What is -a (base 16) in base 2?
-1010
Convert 65 (base 12) to base 15.
52
4 (base 6) to base 10
4
What is -28 (base 13) in base 4?
-202
-92 (base 11) to base 16
-65
What is -2 (base 14) in base 8?
-2
Convert 0 (base 6) to base 11.
0
1 (base 6) to base 8
1
Convert -282 (base 9) to base 13.
-152
Convert 11 (base 11) to base 4.
30
-17 (base 13) to base 9
-22
What is -6 (base 12) in base 11?
-6
What is 3 (base 6) in base 8?
3
-1 (base 7) to base 3
-1
Convert 0 (base 11) to base 12.
0
What is -5 (base 8) in base 10?
-5
Convert 2b (base 12) to base 11.
32
What is 363 (base 7) in base 10?
192
What is 3 (base 4) in base 2?
11
What is -10 (base 4) in base 8?
-4
5 (base 14) to base 10
5
What is -2 (base 15) in base 7?
-2
-6 (base 10) to base 3
-20
1 (base 8) to base 13
1
253 (base 12) to base 6
1343
Convert -1 (base 11) to base 15.
-1
Convert 88 (base 13) to base 3.
11011
Convert 9 (base 15) to base 4.
21
-220 (base 4) to base 5
-130
What is 1 (base 10) in base 15?
1
What is 47 (base 16) in base 3?
2122
Convert 1a (base 11) to base 5.
41
What is d (base 14) in base 15?
d
220 (base 4) to base 6
104
What is -98 (base 10) in base 12?
-82
19 (base 10) to base 14
15
-110 (base 2) to base 8
-6
Convert 234 (base 5) to base 7.
126
145 (base 6) to base 9
72
Convert -14 (base 7) to base 12.
-b
What is 1a (base 16) in base 9?
28
-404 (base 7) to base 8
-310
25 (base 6) to base 2
10001
What is 2 (base 7) in base 13?
2
-145 (base 11) to base 9
-208
Convert -2 (base 11) to base 9.
-2
What is -145 (base 6) in base 9?
-72
Convert -14 (base 8) to base 6.
-20
Convert 2 (base 5) to base 4.
2
Convert 9 (base 12) to base 8.
11
-7 (base 13) to base 8
-7
Convert 10 (base 6) to base 16.
6
Convert -b (base 12) to base 7.
-14
Convert 14 (base 6) to base 16.
a
What is -2 (base 15) in base 5?
-2
Convert -1100 (base 2) to base 3.
-110
What is 4 (base 9) in base 15?
4
2 (base 6) to base 13
2
90 (base 13) to base 11
a7
What is -1 (base 8) in base 16?
-1
Convert 10001 (base 2) to base 7.
23
Convert 11 (base 6) to base 10.
7
What is 6 (base 10) in base 2?
110
-7b (base 16) to base 3
-11120
What is -56 (base 8) in base 16?
-2e
-63 (base 12) to base 6
-203
Convert 251 (base 11) to base 8.
452
What is 202 (base 4) in base 7?
46
10 (base 2) to base 9
2
Convert 12 (base 7) to base 9.
10
-a9 (base 15) to base 10
-159
-25 (base 11) to base 9
-30
Convert -100010 (base 2) to base 10.
-34
-46 (base 10) to base 7
-64
313 (base 7) to base 2
10011101
-17 (base 11) to base 9
-20
Convert -20 (base 9) to base 2.
-10010
What is 44 (base 10) in base 8?
54
-2 (base 15) to base 2
-10
Convert 40 (base 7) to base 13.
22
Convert 3 (base 8) to base 6.
3
Convert -202 (base 4) to base 6.
-54
14 (base 7) to base 2
1011
Convert -b (base 12) to base 14.
-b
-5 (base 16) to base 12
-5
What is -39 (base 12) in base 14?
-33
1 (base 5) to base 6
1
-100001 (base 2) to base 12
-29
What is 9 (base 15) in base 14?
9
Convert 1 (base 12) to base 5.
1
Convert 0 (base 12) to base 13.
0
Convert 7 (base 12) to base 13.
7
What is -4 (base 15) in base 9?
-4
Convert 12 (base 5) to base 9.
7
Convert 3a (base 15) to base 6.
131
-7 (base 8) to base 13
-7
0 (base 12) to base 8
0
What is -1011 (base 2) in base 8?
-13
What is 3 (base 10) in base 7?
3
-22 (base 3) to base 8
-10
What is -34 (base 16) in base 15?
-37
What is -12 (base 4) in base 8?
-6
-2 (base 10) to base 8
-2
Convert -62 (base 12) to base 3.
-2202
What is 21 (base 5) in base 3?
102
Convert 2111 (base 3) to base 2.
1000011
-4 (base 12) to base 6
-4
Convert -3 (base 10) to base 6.
-3
-17 (base 10) to base 4
-101
0 (base 15) to base 11
0
What is -7 (base 12) in base 8?
-7
Convert 13 (base 11) to base 10.
14
Convert 0 (base 12) to base 4.
0
Convert 88 (base 11) to base 9.
116
55 (base 9) to base 2
110010
What is 5 (base 14) in base 3?
12
What is -53 (base 7) in base 16?
-26
2001 (base 3) to base 12
47
Convert 29 (base 13) to base 11.
32
Convert -410 (base 7) to base 13.
-128
-10 (base 6) to base 13
-6
2 (base 6) to base 12
2
Convert -14d (base 14) to base 7.
-526
Convert 31 (base 16) to base 14.
37
Convert 2 (base 15) to base 7.
2
What is 3b (base 14) in base 9?
58
What is -2 (base 9) in base 5?
-2
Convert 4 (base 8) to base 5.
4
What is 3 (base 16) in base 11?
3
Convert 13 (base 9) to base 10.
12
Convert -20 (base 13) to base 12.
-22
What is 2 (base 9) in base 2?
10
What is -e (base 16) in base 15?
-e
Convert 1100 (base 3) to base 7.
51
Wha